be p(-2). Suppose 15 = 3*r, 4*r + 1 = i + g. Let u(d) be the third derivative of d**5/60 + d**4/4 - d**3/2 - 1798*d**2. Calculate u(i).
4
Let p(i) be the third derivative of 17*i**6/30 + i**5/60 - i**4/24 - i**3/6 - 496*i**2 - 3. What is p(1)?
67
Suppose 0 = 22*h - 16*h + 30. Let p(v) = 4*v - 8. Let n(w) = 1. Let t(f) = h*n(f) - p(f). Calculate t(4).
-13
Let h(g) = 2 - g**3 - 5*g**2 + 5 - 4*g + 2*g. Suppose -i - 55 = -5*d, 477*d = 476*d + 10. Calculate h(i).
17
Let r(l) = 3348*l**2 + 3 + 5 - 1 + 3351*l**2 - 6704*l**2 - 38*l. What is r(-8)?
-9
Let b(p) = 9*p + 539. Let r(a) = -10*a - 599. Let w(x) = 9*b(x) + 8*r(x). Determine w(-28).
31
Suppose -l + 5 = 3*f, -77*l + 15 = -74*l - 2*f. Let j(m) = -4*m + 6. Calculate j(l).
-14
Let v(j) = j**3 - j**2 - 5*j + 9. Suppose 5*x - 19 = -44, 3*s + 4*x = -8. Determine v(s).
37
Let w(m) be the third derivative of 11*m**6/120 + m**5/60 - 2*m**3/3 + 414*m**2 + 8*m. What is w(2)?
88
Let y(c) be the second derivative of -5*c**4/12 + 67*c**3/6 + 39*c**2/2 + 5174*c. Determine y(14).
-3
Let a = 268 + -268. Let o(g) = 2*g**2 + 13*g - 1. Let z(s) = -s**2 - 7*s. Let b(w) = -6*o(w) - 11*z(w). What is b(a)?
6
Let k(p) be the second derivative of 4 - 4*p**2 + 1/3*p**3 + p. Calculate k(6).
4
Suppose 0 = 154*x - 1229 - 465. Let o(v) = v**2 - 10*v + 14. Determine o(x).
25
Let b(w) = w - 7. Let s be 0 + 2 + (1 - -1). Let q be -35*(-72)/(-60)*-1. Suppose 22 = -5*h - 4*u + 64, -s*h + u + q = 0. What is b(h)?
3
Suppose 0 = -g - 5 + 8. Let l(d) = 2*d + 8*d + 8*d**2 - 8 - 4*d + d**g. Let n = -308 - -301. Determine l(n).
-1
Let p(d) be the third derivative of 0*d - 8/3*d**3 + 4*d**2 - 1/2*d**4 + 0 - 1/60*d**5. Let n(z) = -z**2 - 96*z - 106. Let y be n(-95). Determine p(y).
-5
Suppose -d - 2*w = -5, 70*d + 15 = 73*d + 5*w. Let t(u) = -u**3 + 5*u**2 - u + 8. What is t(d)?
3
Let l be 1/3*(72 + 3)/5. Suppose l*m + 49 - 44 = 0. Let r(u) = -7 + 11*u + 1 + 5. Calculate r(m).
-12
Let d(g) be the first derivative of -2*g**4 + 2*g**3/3 - 3*g + 5165. What is d(2)?
-59
Let f(r) = 699 - 179 + 2*r - 165 - 156 - 182. Give f(-15).
-13
Let n(x) = -31*x**2. Let c(r) = r**2 + 28*r - 102. Let a be c(-32). Suppose a*g - 6 - 20 = 0. Give n(g).
-31
Suppose -163*a + 48 = -155*a. Let j(b) = b**2 - 6*b - 8. Calculate j(a).
-8
Let h(s) = -9*s - 7. Let g(d) = -8*d - 13. Let p(q) = 4*g(q) - 5*h(q). What is p(6)?
61
Let o(z) = -12*z**2 - 17*z + 15. Let q(b) be the first derivative of -17*b**3/3 - 13*b**2 + 22*b + 102. Let g(j) = -7*o(j) + 5*q(j). Calculate g(-12).
-7
Let k(p) = p**3 + p**2 - p + 2. Let x(c) be the second derivative of c**5/4 - c**4/12 - c**3/3 + 17*c**2/2 - 103*c. Let r(w) = 6*k(w) - x(w). Give r(-7).
23
Let q(m) be the second derivative of 0*m**2 - 1/12*m**4 - 17*m + 4/3*m**3 + 0. Suppose -3*a + 15 = -3*c + 45, 3*a = -2*c. Calculate q(c).
12
Suppose 40*x + 16*x = 243 - 299. Let n(t) = t + 1. Let o(g) = -7*g - 8. Let c(r) = 24*n(r) + 3*o(r). What is c(x)?
-3
Let q(n) = -6*n**2 - 21*n + 4. Let x(a) = 8*a**2 - 109 - 13*a**2 + 113 - 18*a. Let u(k) = -4*q(k) + 5*x(k). Determine u(-6).
4
Let o(t) = 14*t**2 - 17*t + 49. Let l(a) = 9*a**2 - 11*a + 32. Let i(v) = -8*l(v) + 5*o(v). Determine i(5).
-46
Let y = 269 - 456. Let u = y + 198. Let c(p) = p**3 - 12*p**2 + 11*p + 8. Give c(u).
8
Let o(g) = -2*g**2 + 1. Suppose -54 = -13*j + 4*j. Suppose -3*f - j = 0, -2*h - 7*f + 2*f = 6. Give o(h).
-7
Let i(t) = 8*t**2 + 35*t + 6. Let b(v) = 5*v**2 + 20*v + 3. Let l(u) = 5*b(u) - 3*i(u). Let a(f) = 7*f**2 + 2*f + 1. Let n be a(-1). What is l(n)?
3
Suppose -1395 = -19*n + 2614. Let u(p) = -3*p - 209 + 427 - n. Calculate u(5).
-8
Suppose 0 = -w + 2*y + 10, 2*y + 221 - 235 = -5*w. Let o(f) = 4*f**2 - 4*f - 3. Calculate o(w).
45
Suppose 3*x + 43*x + 980 = -3*x. Let r(s) = -s**2 - 19*s + 6. Calculate r(x).
-14
Let g(q) = -3 + 943*q**2 + 926*q**2 - 10*q + 12 - 1868*q**2. Give g(4).
-15
Let m(o) = -202 + 376 - 297 - 25*o. Let t be m(-5). Let v(z) = 3*z**3 - z**2 + z. Give v(t).
22
Suppose 43*x + 364 = 865 - 329. Let o(l) = 4*l - 1. Let k(d) = 12*d - 4. Let s(b) = -5*k(b) + 14*o(b). Determine s(x).
-10
Let q(b) = 147 + 180 - 324 - 6*b + b**2. Give q(9).
30
Let g = -122978/3 - -40993. Let y(q) be the second derivative of -17 + 1/12*q**4 + q + 1/2*q**2 - g*q**3 + 7/20*q**5. Calculate y(1).
7
Let s = -5 + 3. Let y(i) be the second derivative of -3*i**3/2 - 3*i**2/2 + 13*i + 1261. What is y(s)?
15
Let g(r) be the third derivative of -1/120*r**6 + 0 + 1/3*r**3 + 0*r - 106*r**2 + 1/60*r**5 + 1/8*r**4. Give g(-2).
8
Let h = 40 + -30. Suppose -3*r - 7 = -h*r. Let m(z) = 2*z**3 + z - 1. Determine m(r).
2
Let z(d) = -d**2 - 20*d - 14. Let r be (-25 + 18)*(4 + -3). Give z(r).
77
Let l(n) = -n**2 - 2*n - 2. Let w(z) be the second derivative of -z**4/12 + 8*z**3/3 - 28*z**2 + 284*z. Let q be w(11). Give l(q).
-1
Let q(t) be the third derivative of t**6/120 - 7*t**5/60 - t**4/12 + 5*t**3 - 4108*t**2. Determine q(4).
-26
Let i(f) = f**2 - 11*f + 14. Let g be i(10). Suppose g = 2*y - 0. Let l(s) = -8*s - 35*s**2 + 2 + 69*s**2 - 33*s**y. Calculate l(7).
-5
Let c be (-10)/6*1*(14 + -17). Suppose -c*p + 46*o - 31 = 50*o, o = 3*p + 5. Let j(l) = -l**2 + 6. Give j(p).
-3
Suppose 5*z - 10*z - 4*o = -71, -o = -4*z + 40. Suppose 3*m + 4*q = -5, -3*m - q = m + z. Let i(b) = 3*b**2 - 1. Determine i(m).
26
Let p(l) = -l**3 - 2*l**2 + 12*l - 8. Let a be p(2). Let g(z) = -z**3 + z**2 + 4*z + 12. What is g(a)?
12
Let m be 14/(-378)*-27 - 2*1. Let z(x) = 12*x**2 + 39*x + 38. Give z(m).
11
Let c(z) = -z + 10. Let g = -36 - -51. Let w = 2 + g. Suppose -w*p - 10 = -19*p. Give c(p).
5
Let p be -7*54/(-63)*-1. Let d(a) be the second derivative of 2*a**3/3 - 46*a. Determine d(p).
-24
Suppose -2*i + 0*i = 4*c - 4, 3*c = 2*i + 10. Let z(s) = 2*s - s**2 - 6 + c*s + 2*s. Suppose 1008 = 223*q - 107. Determine z(q).
-1
Let g(w) = -w - 3*w**2 - 8 + 10*w**2 - 6*w**2. Determine g(4).
4
Let d(r) = -12*r**2 + 80*r - 12. Let t(h) = -13*h**2 + 90*h - 13. Let m(y) = 9*d(y) - 8*t(y). What is m(-3)?
-40
Let d(m) = 25 + 638*m**2 - 637*m**2 - 2000*m + 2014*m. What is d(-10)?
-15
Suppose 3*l + 6*p - 21 = 0, 2*l + 3*p - 43 = 7*l. Let y(g) = 4*g**2 + 17*g - 14. Give y(l).
1
Let o be (18/12)/1*4. Let h be 1*3/o*2 - -3. Let g(d) = -d**2 + 3*d + 1. Give g(h).
-3
Let x(y) = -22*y**2 - 38*y + 12. Let j(c) = -c**2 - 4*c + 1. Let m(p) = -10*j(p) + x(p). Calculate m(-1).
-12
Let m(i) = 2*i + 18. Let z(g) = -g - 9. Let b(v) = 4*m(v) + 7*z(v). Suppose 2*x + 37 = 43*n - 38*n, 0 = -x - n - 1. What is b(x)?
3
Let l(t) = -t**2 + 14. Let q(m) = 7*m**2 + 22*m + 9. Let w(a) = 6*l(a) + q(a). What is w(-16)?
-3
Let o(c) = c + 15. Let x be -5*(60/25)/(-4) + -8. Determine o(x).
10
Let m = 318 - 316. Let d(s) = -9 + m + 6947*s - 6950*s. Determine d(-4).
5
Let o(c) be the third derivative of 7*c**6/120 - c**5/30 - c**4/24 + c**3/3 - 2811*c**2. Calculate o(1).
6
Let b(c) = -3*c + 3. Let s be (-4)/(-3) + (-231)/(-9). Let u = s + -23. Suppose -u*w + 8 = 4*v, -w - 2*v = -3*w + 8. Give b(w).
-6
Let l(j) = -11*j**2 + 17*j + 1. Let n(i) = -2*i**2 - 2*i. Let v(r) = l(r) - 3*n(r). Determine v(4).
13
Let h = 86 + -88. Let m be 5*(h/3*3 - -3). Let g(v) = -v. Calculate g(m).
-5
Suppose -1452 - 23136 = 12027*h + 17484 + 18063. Let d(f) = 3*f - 2. Let v be ((4/(-2))/(-1))/1. Let p(j) = j. Let o(w) = v*p(w) - d(w). What is o(h)?
7
Let c(i) be the first derivative of -i**4/4 - 4*i**3/3 - 5*i**2/2 + 3835. Determine c(-3).
6
Let l = 789 - 788. Let k(r) = 126 + 7*r - 126. Calculate k(l).
7
Let p(d) = -108818*d + 1 + 10 + 108813*d. What is p(2)?
1
Let s(n) = -n + 1 + 1 - 1 + 8*n. Let i(y) = -1158*y - 15053. Let k be i(-13). What is s(k)?
8
Let k(g) = g**2 - g - 2. Suppose -q + 2*j + 60 = -6*q, 2*q + 2*j + 30 = 0. Let v be (-18)/(-30) + (0 - 334/q). Suppose -39*c = -v*c + 10. What is k(c)?
4
Let f(t) = 7*t**2 - 13*t + 349. Let r(b) = b**2 + 52. Let u(s) = -f(s) + 6*r(s). Calculate u(7).
5
Let z(m) be the first derivative of -2*m**2 - 31*m + 576. Calculate z(-14).
25
Let v(k) = -2*k**2 - 11*k. Let b(w) = w**2 + w + 1. Let m(i) = 3*b(i) + v(i). Suppose 20 = 4*n - 8. Determine m(n).
-4
Suppose -5*n - 33 + 38 = 0. Suppose -f + 0 = -n. Let a(h) = -8*h - 2*h + 4*h. Determine a(f).
-6
Let x(u) be the second derivative of 3/2*u**2 + 5*u - 1/6*u**3 + 2 + 1/20*u**5 - 1/12